{"id":476,"date":"2020-05-01T11:48:24","date_gmt":"2020-05-01T11:48:24","guid":{"rendered":"https:\/\/sinfretiba.com.br\/?page_id=476"},"modified":"2023-07-13T17:27:38","modified_gmt":"2023-07-13T17:27:38","slug":"quem-somos","status":"publish","type":"page","link":"https:\/\/sinfretiba.com.br\/?page_id=476","title":{"rendered":"Quem somos"},"content":{"rendered":"<p><section class=\"kc-elm kc-css-855601 kc_row\"><div class=\"kc-row-container\"><div class=\"kc-wrap-columns\"><div class=\"kc-elm kc-css-225281 kc_col-sm-12 kc_column kc_col-sm-12\"><div class=\"kc-col-container\">\n<div class=\"widget-revslider \">\n\t\n\t\t\t<!-- START Slider 1 11 REVOLUTION SLIDER 6.6.13 --><p class=\"rs-p-wp-fix\"><\/p>\n\t\t\t<rs-module-wrap id=\"rev_slider_4_1_wrapper\" data-source=\"gallery\" style=\"visibility:hidden;background:transparent;padding:0;margin:0px auto;margin-top:0;margin-bottom:0;\">\n\t\t\t\t<rs-module id=\"rev_slider_4_1\" class=\" rs-ov-hidden\" style=\"\" data-version=\"6.6.13\">\n\t\t\t\t\t<rs-slides style=\"overflow: hidden; position: absolute;\">\n\t\t\t\t\t\t<rs-slide style=\"position: absolute;\" data-key=\"rs-21\" data-title=\"Slide\" data-anim=\"ms:600;r:0;\" data-in=\"o:0;\" data-out=\"a:false;\">\n\t\t\t\t\t\t\t<img src=\"\/\/sinfretiba.com.br\/wp-content\/plugins\/revslider\/public\/assets\/assets\/dummy.png\" alt=\"\" title=\"Sem Ti\u0301tulo-1 c\u00f3pia\" width=\"3290\" height=\"293\" class=\"rev-slidebg tp-rs-img rs-lazyload\" data-lazyload=\"\/\/sinfretiba.com.br\/wp-content\/uploads\/2020\/06\/Sem-Ti\u0301tulo-1-c\u00f3pia.png\" data-no-retina>\n<!--\n\t\t\t\t\t\t\t--><rs-layer\n\t\t\t\t\t\t\t\tid=\"slider-4-slide-21-layer-7\" \n\t\t\t\t\t\t\t\tdata-type=\"text\"\n\t\t\t\t\t\t\t\tdata-color=\"#0c0c0c\"\n\t\t\t\t\t\t\t\tdata-rsp_ch=\"on\"\n\t\t\t\t\t\t\t\tdata-xy=\"xo:235px,299px,390px,33px;yo:377px,554px,447px,169px;\"\n\t\t\t\t\t\t\t\tdata-text=\"s:17,14,13,12;l:22,19,18,15;a:center;\"\n\t\t\t\t\t\t\t\tdata-dim=\"w:auto,auto,auto,419px;h:69px,60px,105px,auto;\"\n\t\t\t\t\t\t\t\tdata-frame_1=\"x:-265px,-231px,-227px,0px;y:-176px,-154px,-152px,0px;\"\n\t\t\t\t\t\t\t\tdata-frame_999=\"o:0;st:w;sR:7540;\"\n\t\t\t\t\t\t\t\tstyle=\"z-index:11;font-family:'Roboto';\"\n\t\t\t\t\t\t\t> \n\t\t\t\t\t\t\t<\/rs-layer><!--\n-->\t\t\t\t\t\t<\/rs-slide>\n\t\t\t\t\t<\/rs-slides>\n\t\t\t\t<\/rs-module>\n\t\t\t\t<script>\n\t\t\t\t\tsetREVStartSize({c: 'rev_slider_4_1',rl:[1240,1024,778,480],el:[85,100,90,90],gw:[1170,1024,778,480],gh:[85,100,90,90],type:'standard',justify:'',layout:'fullwidth',mh:\"0\"});if (window.RS_MODULES!==undefined && window.RS_MODULES.modules!==undefined && window.RS_MODULES.modules[\"revslider41\"]!==undefined) {window.RS_MODULES.modules[\"revslider41\"].once = false;window.revapi4 = undefined;if (window.RS_MODULES.checkMinimal!==undefined) window.RS_MODULES.checkMinimal()}\n\t\t\t\t<\/script>\n\t\t\t<\/rs-module-wrap>\n\t\t\t<!-- END REVOLUTION SLIDER -->\n<\/div><\/div><\/div><\/div><\/div><\/section><section class=\"kc-elm kc-css-485033 kc_row\"><div class=\"kc-row-container  kc-container\"><div class=\"kc-wrap-columns\"><div class=\"kc-elm kc-css-716151 kc_col-sm-12 kc_column kc_col-sm-12\"><div class=\"kc-col-container\"><div class=\"kc-elm kc-css-261870 kc_row kc_row_inner\"><div class=\"kc-elm kc-css-877925 kc_col-sm-12 kc_column_inner kc_col-sm-12\"><div class=\"kc_wrapper kc-col-inner-container\"><div class=\"kc-elm kc-css-686179 kc_text_block\"><\/p>\n<h3 class=\"widget-title\">QUEM SOMOS<\/h3>\n<p>O <strong>SINFRETIBA<\/strong> &#8211; Sindicato das Empresas de Transporte de Passageiros por Fretamento de Curitiba e Munic\u00edpios do Paran\u00e1 \u00e9 uma entidade sindical com o objetivo de organizar e fortalecer o transporte de passageiros no regime de fretamento no Estado do Paran\u00e1 e no pa\u00eds.<\/p>\n<p>Desde que foi criado, em 1990, o sindicato tem trabalhado para oferecer conceitos de relacionamento entre clientes e usu\u00e1rios, com forte atua\u00e7\u00e3o na cidade de Curitiba, na Regi\u00e3o Metropolitana e no Estado como um todo.<br \/>E de que forma? Participando ativamente de reuni\u00f5es e discuss\u00f5es que envolvem a mobilidade urbana e o transporte nas cidades.<\/p>\n<p>O <strong>SINFRETIBA<\/strong> tem debatido a import\u00e2ncia do transporte de fretamento com as mais variadas entidades privadas e p\u00fablicas mostrando que o servi\u00e7o \u00e9 uma alternativa bastante vi\u00e1vel para minimizar os impactos causados pelo excesso de ve\u00edculos particulares nas ruas e avenidas do pa\u00eds, respons\u00e1veis por in\u00fameros congestionamentos.<\/p>\n<p>Por ser um servi\u00e7o que trabalha com demanda programada \u00e9 poss\u00edvel atender os mais variados p\u00fablicos e disponibilizar ve\u00edculos espec\u00edficos para atender as necessidades dos passageiros.<\/p>\n<p>\n<\/div><div class=\"kc-elm kc-css-148454 kc_text_block\"><\/p>\n<h3 class=\"widget-title\">DIRETORIA<\/h3>\n<div class=\"clearfix\">\n<p><img decoding=\"async\" loading=\"lazy\" class=\" alignleft\" src=\"https:\/\/sinfretiba.com.br\/wp-content\/uploads\/2020\/05\/imagem-onibus.jpg\" alt=\"\" width=\"304\" height=\"270\" \/>O <strong>SINFRETIBA<\/strong> \u00e9 administrado por uma diretoria composta por um Presidente, um Vice-presidente e um Tesoureiro, tendo tamb\u00e9m um Conselho Fiscal composto de tr\u00eas membros, eleitos dentre aqueles que comp\u00f5em o Conselho de Representantes.<\/p>\n<p><strong>PRESIDENTE<\/strong><br \/>Jurandir Golemba Marcondes<\/p>\n<\/div>\n<p>\n<\/div><div class=\"kc-elm kc-css-664445 kc_text_block\"><\/p>\n<h3 class=\"widget-title\">ASSOCIADOS<\/h3>\n<p>\n<\/div><\/div><\/div><\/div><div class=\"kc-elm kc-css-635463 kc_row kc_row_inner\"><div class=\"kc-elm kc-css-528364 kc_col-sm-6 kc_column_inner kc_col-sm-6\"><div class=\"kc_wrapper kc-col-inner-container\"><div class=\"kc-elm kc-css-971184 kc_text_block\"><\/p>\n<ul>\n<li style=\"list-style-type: none;\">\n<ul>\n<li><a href=\"http:\/\/www.abbatur.com.br\/\" target=\"_blank\" rel=\"noopener noreferrer\"><em>ABBATUR TRANSP LOCACAO E TURISMO<\/em><\/a><\/li>\n<li><a href=\"https:\/\/cspa.tur.br\/\"><em>CSPA SOLUCOES EM TRANSPORTE LTDA<\/em><\/a><\/li>\n<li><a href=\"https:\/\/campoalto.com.br\/\"><em>EMPRESA CAMPO ALTO TIJUCAS LTDA<\/em><\/a><\/li>\n<li><a href=\"https:\/\/www.guarios.com.br\/\" target=\"_blank\" rel=\"noopener noreferrer\"><em>EXPRESSO GUARIOS E TURISMO LTDA<\/em><\/a><\/li>\n<li><a href=\"http:\/\/www.princesadoscampos.com.br\/\" target=\"_blank\" rel=\"noopener noreferrer\"><em>EXPRESSO PRINCESA DOS CAMPOS S A<\/em><\/a><\/li>\n<li><a href=\"http:\/\/www.francovig.com\/\" target=\"_blank\" rel=\"noopener noreferrer\"><em>FRANCOVIG TRANSPORTE COLETIVO LTDA<\/em><\/a><\/li>\n<li><a href=\"https:\/\/www.viacaograciosa.com.br\/graciosa-transporte\/\"><em>GRACIOSA TRANSPORTE E TURISMO LTDA<\/em><\/a><\/li>\n<li><a href=\"http:\/\/www.jmarcondes.com.br\/\" target=\"_blank\" rel=\"noopener noreferrer\"><em>J MARCONDES TRANSPORTES<\/em><\/a><\/li>\n<li><a href=\"http:\/\/www.marlacturismo.com.br\/\" target=\"_blank\" rel=\"noopener noreferrer\"><em>MARLAC TURISMO LTDA<\/em><\/a><\/li>\n<li><a href=\"http:\/\/www.melissatur.com.br\/\" target=\"_blank\" rel=\"noopener noreferrer\"><em>MELISSA TRANSP E TURISMO LTDA<\/em><\/a><\/li>\n<li><a href=\"http:\/\/www.montanaturismo.com.br\/\" target=\"_blank\" rel=\"noopener noreferrer\"><em>MONTANA TURISMO LTDA<\/em><\/a><\/li>\n<li><a href=\"mailto:evandropazinatto@gmail.com\"><em>PAZINATTO DE MOURA TRANSPORTES LTDA<\/em><\/a><\/li>\n<li><a href=\"http:\/\/www.cooperflux.com.br\/\" target=\"_blank\" rel=\"noopener noreferrer\"><em>PK SERVICE LTDA (COOPERFLUX)<\/em><\/a><em><br \/><\/em><\/li>\n<\/ul>\n<\/li>\n<\/ul>\n<p>\n<\/div><\/div><\/div><div class=\"kc-elm kc-css-811095 kc_col-sm-6 kc_column_inner kc_col-sm-6\"><div class=\"kc_wrapper kc-col-inner-container\"><div class=\"kc-elm kc-css-531980 kc_text_block\"><\/p>\n<ul>\n<li><a href=\"http:\/\/www.rimatur.com.br\/\" target=\"_blank\" rel=\"noopener noreferrer\"><em>RIMATUR TURISMO LTDA<\/em><\/a><\/li>\n<li><a href=\"https:\/\/www.rioverdeturismo.com.br\/\" target=\"_blank\" rel=\"noopener noreferrer\"><em>RIO VERDE ONIBUS<\/em><\/a><\/li>\n<li><a href=\"http:\/\/www.transisaak.com.br\/\" target=\"_blank\" rel=\"noopener noreferrer\"><em>RLS LOC DE VEICULOS TRANSP ESCOLAR LTDA<\/em><\/a><\/li>\n<li><a href=\"http:\/\/www.transisaak.com.br\/\" target=\"_blank\" rel=\"noopener noreferrer\"><em>TRANS ISAAK TRANSPORTE E TURISMO<\/em><\/a><\/li>\n<li><a href=\"http:\/\/www.unicarga.com.br\/\"><em>TRANSPORTE ACESSIVEL UNICARGA LTDA<\/em><\/a><\/li>\n<li><em>TRANSPORTE COLETIVO MORADA AMIGA EIRELI<\/em><\/li>\n<li><a href=\"http:\/\/www.transisaak.com.br\/\" target=\"_blank\" rel=\"noopener noreferrer\"><em>TRANS ISAAK TRANSPORTE DE PASSAGEIROS\u00a0LTDA<\/em><\/a><\/li>\n<li><a href=\"http:\/\/www.transportesthomaz.com.br\/\" target=\"_blank\" rel=\"noopener noreferrer\"><em>TRANSPORTES THOMAZ LTDA<\/em><\/a><\/li>\n<li><a href=\"http:\/\/www.viajecastelo.com.br\/\" target=\"_blank\" rel=\"noopener noreferrer\"><em>VIA\u00c7AO CASTELO BRANCO LTDA<\/em><\/a><\/li>\n<li><a href=\"http:\/\/www.iapo.com.br\/\" target=\"_blank\" rel=\"noopener noreferrer\"><em>VIA\u00c7\u00c3O SANTANA IAP\u00d3<\/em><\/a><\/li>\n<li><a href=\"http:\/\/www.visaniturismo.com.br\/\" target=\"_blank\" rel=\"noopener noreferrer\"><em>VISANI TURISMO E FRETAMENTO LTDA<\/em><\/a><\/li>\n<\/ul>\n<p>\n<\/div><\/div><\/div><\/div><\/div><\/div><\/div><\/div><\/section><\/p>\n","protected":false},"excerpt":{"rendered":"","protected":false},"author":1,"featured_media":0,"parent":10,"menu_order":0,"comment_status":"closed","ping_status":"closed","template":"","meta":[],"_links":{"self":[{"href":"https:\/\/sinfretiba.com.br\/index.php?rest_route=\/wp\/v2\/pages\/476"}],"collection":[{"href":"https:\/\/sinfretiba.com.br\/index.php?rest_route=\/wp\/v2\/pages"}],"about":[{"href":"https:\/\/sinfretiba.com.br\/index.php?rest_route=\/wp\/v2\/types\/page"}],"author":[{"embeddable":true,"href":"https:\/\/sinfretiba.com.br\/index.php?rest_route=\/wp\/v2\/users\/1"}],"replies":[{"embeddable":true,"href":"https:\/\/sinfretiba.com.br\/index.php?rest_route=%2Fwp%2Fv2%2Fcomments&post=476"}],"version-history":[{"count":11,"href":"https:\/\/sinfretiba.com.br\/index.php?rest_route=\/wp\/v2\/pages\/476\/revisions"}],"predecessor-version":[{"id":671,"href":"https:\/\/sinfretiba.com.br\/index.php?rest_route=\/wp\/v2\/pages\/476\/revisions\/671"}],"up":[{"embeddable":true,"href":"https:\/\/sinfretiba.com.br\/index.php?rest_route=\/wp\/v2\/pages\/10"}],"wp:attachment":[{"href":"https:\/\/sinfretiba.com.br\/index.php?rest_route=%2Fwp%2Fv2%2Fmedia&parent=476"}],"curies":[{"name":"wp","href":"https:\/\/api.w.org\/{rel}","templated":true}]}}